me number?
True
Let n(i) = -32788*i + 4021. Is n(-7) composite?
True
Let y = 337 - -9132. Is y composite?
True
Suppose x + 0*a + 2*a = 3824, 0 = 5*x + 3*a - 19085. Suppose -2*i - u - 45 = 0, 0*i + 2*u - 99 = 5*i. Is 2/(20/x) + i/(-35) prime?
False
Let s(u) = -u**2 + 6*u + 7. Let p be s(5). Is 192183/21 - p/21 composite?
False
Let x(n) = 9*n**2 - 34*n - 61. Let o(v) = 10*v - 10. Let f(w) = -2*w - 1. Let b(u) = 4*f(u) + o(u). Let s be b(-5). Is x(s) composite?
False
Let q(n) = 24*n**2 + 17*n + 30. Let z be q(-2). Suppose 77*h + 282405 = z*h. Is h a prime number?
False
Let w = 892374 + 379669. Is w composite?
False
Let n = 261 - 93. Suppose -k - 756 = n. Let c = -653 - k. Is c a prime number?
True
Let b = -54548 + 128049. Is b a prime number?
False
Let n = 81 - 67. Suppose -1435 = -n*z + 7*z. Is z a prime number?
False
Suppose 4 = -0*t - t, 5*y = -t + 11. Let d = -2214 - -2160. Is 1/y + (-34056)/d a prime number?
True
Let o = 383237 - -566346. Is o prime?
True
Let m(f) = 389*f**2 + 5*f + 41. Is m(5) a prime number?
True
Suppose -s + 2*s = 6496. Let t = s + -1703. Suppose -3*x + t = 2*g, -x + 3207 = x - g. Is x prime?
True
Let v be (12/9)/(64/240). Suppose 0 = -y - v*q + 648, 2*y + 3*y - 3360 = -q. Is y a composite number?
False
Let r(f) = 39 - 15 + 21 + 11 + 1153*f. Is r(11) a composite number?
False
Let m be ((-28)/(-12))/(1/27). Let a be 9/(36/4268) - -1. Suppose m = -5*f + a. Is f a prime number?
False
Suppose -2*a + m = 6*m - 8287, -4*a = 3*m - 16539. Let q = a + -472. Is q a composite number?
False
Suppose -4 = -3*l - 2*j, l - 7*j = -4*j + 16. Let i(q) = 33*q**3 + 3*q**2 - 7*q + 15. Is i(l) a prime number?
False
Suppose -20202 = -3*p - 2*x, 2*x = 5*p + 4*x - 33670. Suppose -7*o + 96 = 9*o. Suppose u = -u + 4*a + p, 0 = -3*a + o. Is u a composite number?
False
Suppose 0 = -5*n + 4*k + 217725, -4*k - 237603 + 63419 = -4*n. Is n a composite number?
False
Suppose 0*q - 2*q + 26352 = 0. Suppose -6*n = -n - b - 16461, -q = -4*n - b. Is n prime?
False
Suppose -2*t + 4554 = 7*t. Let o = 641 + t. Suppose -u + 4 = -o. Is u a composite number?
False
Suppose -5*y - 204532 = -z + 602199, 4*z + y = 3226924. Is z a prime number?
False
Is (-930397)/4*-2 + 17/((-816)/(-24)) composite?
True
Suppose 8*g - 7*g - 9341 = 0. Let c = -5934 + g. Is c prime?
True
Let q be (-36)/1*(-20)/30 + -3. Suppose -5*c = -q*c + 1648. Is c a prime number?
True
Let z = 1548598 + -932340. Is z composite?
True
Let p be 2/(-2)*2/(6/(-15)). Suppose -p*h + 18 = h. Is ((-11)/4)/(h/(-24)) prime?
False
Let r = 106 - 112. Let h(k) = -k**2 - 9*k - 9. Let z be h(r). Suppose -51 = z*n - 10*n. Is n a composite number?
True
Let l(q) = -2*q**3 - q**2 - q - 1. Let k(a) = -1682*a**3 + 5*a**2 + 3*a + 6. Let i(z) = -k(z) - 5*l(z). Is i(1) composite?
False
Suppose 64*y - 72*y + 152 = 0. Suppose 5*w = -4*r + 10307, 15*r - y*r = -4*w - 10316. Is r a composite number?
True
Suppose -5*v + 3*i = -1320835, -4*i - 50371 = -v + 213796. Is v composite?
False
Let w(v) = -210*v + 7*v - 180*v + 10. Let g be w(-2). Suppose 0 = -5*i + 5609 + g. Is i a composite number?
False
Suppose 0 = 2564*i - 2589*i + 4067575. Is i a composite number?
False
Let b(p) = 129*p + 125*p - 40*p + 157. Is b(5) prime?
False
Suppose 2*p + 824 - 260 = 0. Let x = p + 293. Is x composite?
False
Let d(r) = -3*r**3 - 8*r**2 - 4*r - 9. Let h(q) = 3*q**3 + 7*q**2 + 3*q + 9. Let k(w) = 3*d(w) + 4*h(w). Is k(8) a prime number?
True
Is (-821049)/(-36) + (-21)/(-252) prime?
True
Let u = 247921 + -63920. Is u a prime number?
False
Let o = -197980 + 298313. Is o prime?
True
Let f(h) = 348*h + 152. Let w be f(7). Suppose 0 = -0*p + 4*p + 7204. Let t = w + p. Is t a composite number?
False
Suppose 0 = -v - 3*i - 305 - 16, 3*i = 3*v + 915. Let b = v + -152. Let c = -208 - b. Is c composite?
True
Suppose 0 = -0*n - 4*n + 3*q - 13, -17 = n + 2*q. Is (1638/(-12) + n)/(2/(-4)) prime?
False
Suppose -3*o - 9 = 0, 230 = -m + 3*o - 990. Let r = 2026 + m. Is r a prime number?
True
Let n(m) = -2*m**3 + 3*m**2 + 9*m - 15. Let t(y) = y**2 + y - 2. Let i be t(-2). Suppose -10 = f + 3*d, i = -f + d - 6. Is n(f) a prime number?
False
Suppose -3*m = -3*a - 21, -7*a + 4 = 4*m - 5*a. Suppose -c + 4727 = 5*i, -11*c + m*i - 9440 = -13*c. Is c a composite number?
True
Suppose l - 3 = -2*l. Let o be 3 + l + -1 + 0 - -1275. Let q = -357 + o. Is q a prime number?
False
Suppose -16218085 = -41*s + 15530590 + 18202814. Is s prime?
False
Is (-12 - 77472/(-1)) + 11 a composite number?
False
Suppose 0 = 4*m - 5*m + 6. Suppose -2 = 4*j - m*j. Is -1 - (j + 216/(-4) + -3) prime?
False
Let s(r) = 31 + 15*r**2 - 2*r**2 + 8*r + 15*r**2 - 6*r**2. Is s(-15) a prime number?
True
Let k = -80248 - -382299. Is k a composite number?
True
Let m(v) = 5099 - 2*v + 410 + 4*v. Is m(0) prime?
False
Is -616612*(188/16 + (-84)/7) a prime number?
True
Let k be (4 + 1)/((-30)/(-12)). Suppose -1938 = -5*i - l, i - 3*l - 394 = -0*l. Is i/6*(5 - k) composite?
True
Let q = 46368 + -26533. Is q prime?
False
Let h = -40003 + 8824. Let g = h - -8867. Is 3/(-5) - g/20 prime?
False
Is (-3551056)/(-48) - (26/6 - 5) a prime number?
False
Suppose 21*v + 150 = -354. Let t = v + 118. Is t composite?
True
Let f = -57940 + 126941. Is f composite?
False
Let g(b) = -3*b**3 - 16*b**2 - 3*b - 36. Let r be g(-19). Let k = r - 6319. Is k prime?
False
Let n(v) = -3*v**2 + 3*v - 11*v + 5*v**3 - 5 + 12*v. Let k be n(2). Suppose x - 6 = k. Is x a prime number?
True
Suppose -6*c - 6*c + 588 = 0. Let r = c - -17. Is 44/r + (-2551)/(-3) a composite number?
True
Let l(s) = -1638*s + 6. Let c be l(-2). Suppose -25*v - c = -28*v. Is v composite?
True
Let m(b) = -b**3 - 8*b**2 - 8*b - 8. Let a be m(-8). Let g be ((-15)/(-2))/(42/a). Is 4/g - 54846/(-110) composite?
False
Let q be (3 - (7 - 4)) + 3 + -2. Is (34/(-4))/(q/(-134)) a composite number?
True
Let y = -128721 - -235108. Is y prime?
False
Let o(v) = 4*v**2 + 4*v + 9. Let s = 8 + -3. Suppose -n = -s*n + 16. Is o(n) composite?
False
Is (-6711084)/(-27)*(12/(-18) + (-34)/(-24)) a prime number?
True
Is 0/(-2) + (63998 - 11/11) a prime number?
True
Suppose -547 = -10*y - 2707. Let j = y - -1675. Is j composite?
False
Let v be 2941 + (-2)/1 + -3. Suppose 6*m - 5698 = v. Is m prime?
True
Let a = -22791 + 41972. Is a composite?
False
Let l(y) = -2*y**2 - 50*y - 48. Let j be l(-23). Let t = j - -363. Is t composite?
True
Let z(r) = 426*r**2 + 2*r + 1. Let k(m) = m**3 - 11*m**2 + 21*m - 12. Let g be k(9). Suppose -6*q = -g + 3. Is z(q) a prime number?
True
Let u = 1198288 + -453171. Is u a prime number?
True
Let i be 4/7*-2654*21/(-12). Let k = 7977 - i. Is k prime?
True
Is (4/1)/(0 + 32/40) - -1205630 a prime number?
False
Let f = 243 - 241. Suppose 4*t + 12 = 0, -t + 410 - 8569 = -f*b. Is b composite?
True
Suppose -18*i + 27740 = -562822. Suppose 0 = -4*c + 2371 + i. Is c prime?
False
Suppose -12*r - 6418 = 6026. Let w = r - -2498. Is w composite?
True
Let c(o) = o**3 + 5*o**2 - 24*o - 105. Let l be c(-6). Suppose -3*t + 4 = 13, -l*t = 5*f - 37406. Is f a prime number?
False
Suppose -3*b - 15 = 0, 2*v + 5*b = -2388 + 1221849. Is v a prime number?
True
Let k = -27195 + 49484. Is k a prime number?
False
Let w(r) = 27*r**2 - 17*r - 23. Suppose a - 33 = -0*a + 2*u, u = 3. Suppose 5*i - a = -l, -2*i + 24 = 3*l - 2. Is w(i) prime?
True
Let g be 0 + (5 - 1) + (-6)/3. Suppose g*q + 36 = 2*f - 0*f, 5*f + q = 90. Is (-7)/f*-430 - 6/27 composite?
False
Let m(w) = w**2 - 15*w - 2. Suppose -7*h + 3*h = -60. Let k be m(h). Let d(b) = -33*b**3 + b**2 + 3*b + 3. Is d(k) composite?
True
Suppose 4*v = -v - d + 112764, 0 = 3*v - 5*d - 67636. Let x = -6971 + v. Is x composite?
False
Let i be (-28)/14*2*-1. Suppose 0 = 4*h - 4 - i. Suppose o - 11 = -7*z + 2*z, -o + h*z = -25. Is o composite?
True
Let d = -514 - -406. Is -2*((-4)/(-6) - (-227466)/d) composite?
False
Let b = 12235 + -5354. Let h = -4224 + b. Is h a composite number?
False
Let b(t) = -6*t**2 + t + 1. Let v be b(-1). Let d(i) = -i**3 - 5*i**2 + 4*i - 8. Let y be d(v). Is 325 - y*(-3 - -2) composite?
True
Let c(p) = 3*p + 29. Let g(x) = -x**3 + 12*x**2 + 10*x + 32. Let z be g(13). Let u be c(z). Let h(i) = 21*i**2 - 9*i - 23. Is h(u) a composite number?
False
Let i = -11 + 11. Let v be (1 - 1 - i)/1. Suppose 4*s - 3*o - 1501 = 0, v = -s - s